 11) to base 9.
-764502
24402240 (base 5) to base 15
48930
What is -110010101011010100000 (base 2) in base 4?
-12111122200
Convert 95479 (base 16) to base 6.
21034441
-121531 (base 12) to base 13
-a3363
201221212211 (base 3) to base 14
a3245
-1001010101100001100111 (base 2) to base 5
-1111304323
Convert -109bedb (base 15) to base 9.
-24326468
1b9ac9 (base 13) to base 3
1022220221121
Convert 333140311 (base 5) to base 3.
2202010010210
Convert -1533401 (base 7) to base 5.
-23210423
Convert -64115 (base 11) to base 8.
-266173
23130223 (base 4) to base 2
1011011100101011
-1a98758 (base 12) to base 13
-12395a2
Convert 1b09689 (base 13) to base 16.
884a5c
Convert 2533130 (base 8) to base 7.
5652523
-131760 (base 9) to base 2
-10011100011010010
Convert 12103567 (base 8) to base 14.
4d1d8b
What is -c30a69 (base 15) in base 10?
-9266724
Convert 10000011001100001000000 (base 2) to base 12.
15338a8
Convert 421130402 (base 5) to base 10.
1739477
551372 (base 9) to base 16
5057f
What is 4300523 (base 6) in base 15?
423ec
-104223343 (base 5) to base 14
-c0078
Convert -120478 (base 14) to base 4.
-2112101322
What is 11111001101001100100110 (base 2) in base 3?
120101121120011
161b271 (base 13) to base 7
114262142
What is -c66b5 (base 14) in base 10?
-478791
Convert 5a714 (base 13) to base 4.
220201113
Convert -12122000110102 (base 3) to base 5.
-1231222101
What is -111203022233 (base 4) in base 3?
-101122000001212
Convert 3411707 (base 8) to base 2.
11100001001111000111
Convert 1750346 (base 9) to base 8.
3565722
Convert -b67880 (base 12) to base 10.
-2874912
Convert -960550 (base 10) to base 5.
-221214200
What is -50526640 (base 8) in base 13?
-2293866
c7095 (base 14) to base 13
13a827
-1309 (base 13) to base 15
-c0d
Convert 7535800 (base 9) to base 6.
222324300
Convert 3033102301 (base 4) to base 10.
849073
What is 23010011013 (base 4) in base 14?
556d5d
Convert 64300 (base 8) to base 10.
26816
Convert -102002131013 (base 4) to base 3.
-22220020111002
Convert -22003200201 (base 4) to base 10.
-2635809
What is -286468 (base 9) in base 12?
-85582
Convert -89c48 (base 16) to base 6.
-20032252
What is -332011200 (base 4) in base 10?
-254304
10010101100101000000000 (base 2) to base 15
66c3d6
What is -10403002 (base 8) in base 9?
-4167583
Convert 6b73cc (base 15) to base 8.
23462321
Convert -2846198 (base 10) to base 7.
-33122645
What is -12000022201 (base 3) in base 2?
-11000000101011010
Convert -39544 (base 11) to base 6.
-1113455
Convert 2242300442 (base 5) to base 11.
2933208
Convert -311042310 (base 5) to base 6.
-43104251
Convert -13e49 (base 16) to base 6.
-1425121
Convert -110001101101000011011 (base 2) to base 9.
-3052135
What is 56f05 (base 16) in base 4?
1112330011
What is 1637b (base 15) in base 5?
4243131
Convert -280ab (base 13) to base 15.
-17294
Convert 7124 (base 15) to base 11.
16a43
Convert 12409ba (base 13) to base 7.
66216154
Convert 122213142 (base 6) to base 12.
9541b2
-c07591 (base 15) to base 4
-202312303222
Convert -75ba4 (base 14) to base 16.
-45904
What is -2adbb2 (base 16) in base 13?
-7745b0
-14880a1 (base 11) to base 9
-4706210
What is b56b5 (base 15) in base 9?
1066108
111120023 (base 4) to base 16
1560b
Convert 10101100010001001 (base 2) to base 6.
1520201
-1110012011012 (base 3) to base 4
-2330111003
122210220222 (base 3) to base 8
1254602
120020013 (base 4) to base 14
2802b
Convert -7c8e6 (base 16) to base 4.
-1330203212
What is 133352143 (base 6) in base 15?
381e30
-618063 (base 9) to base 16
-59898
What is 4120737 (base 10) in base 8?
17560241
Convert 213320201012 (base 4) to base 6.
1012031142
Convert -324110024 (base 6) to base 5.
-2440410212
-2020033113 (base 4) to base 8
-2101727
Convert -220870 (base 9) to base 16.
-2035b
What is -110522405 (base 6) in base 16?
-1e8ac5
-1a294 (base 15) to base 3
-11022112211
What is -1408690 (base 11) in base 16?
-250966
Convert 121112133 (base 4) to base 7.
611511
What is 100790 (base 13) in base 6?
11552545
What is -631540 (base 7) in base 9?
-175044
1422344 (base 7) to base 10
190544
-3203103 (base 5) to base 4
-31010120
-1000121202102 (base 3) to base 5
-114344111
-364506 (base 9) to base 2
-110101101011000000
Convert -12606373 (base 8) to base 14.
-5362a7
17b571 (base 13) to base 12
249118
What is 145050512 (base 6) in base 4?
23212001030
What is 126830 (base 9) in base 8?
226644
What is 1332504 (base 6) in base 8?
221370
Convert -166c44 (base 13) to base 14.
-10747b
412122041 (base 6) to base 5
3304240122
-2245471 (base 12) to base 5
-3134440002
Convert -122a56 (base 13) to base 11.
-277554
121a5a (base 12) to base 9
486587
Convert 10ccdb (base 14) to base 12.
237929
What is -6bcb3 (base 15) in base 13?
-c05ca
-43334133 (base 5) to base 9
-625128
What is 16274270 (base 8) in base 6?
212421144
670078 (base 10) to base 5
132420303
1155251 (base 8) to base 11
1a8011
What is -130441125 (base 6) in base 14?
-4a76a1
Convert -540403 (base 9) to base 15.
-65546
-121210010 (base 4) to base 2
-11001100100000100
What is -1845338 (base 12) in base 8?
-23253634
Convert 2502000 (base 7) to base 11.
1a9487
Convert 1441297 (base 10) to base 16.
15fe11
Convert 112121122001 (base 3) to base 4.
1012033012
What is 10111011011000001000000 (base 2) in base 14?
b5b852
What is -21422020 (base 5) in base 15?
-3a125
Convert 258fc (base 16) to base 9.
254036
-30032010 (base 4) to base 11
-34672
Convert -132412052 (base 6) to base 11.
-1547751
-427639 (base 16) to base 15
-5b0861
Convert 111010111010011 (base 2) to base 6.
351351
What is 6426361 (base 7) in base 5?
144431142
Convert -1a6366 (base 12) to base 13.
-134796
What is 26183504 (base 9) in base 11?
729a504
Convert -2a997 (base 11) to base 8.
-125413
Convert -228647 (base 16) to base 8.
-10503107
1658246 (base 10) to base 7
20044352
What is bce5 (base 16) in base 9?
73300
-2411161 (base 8) to base 10
-660081
-15d957 (base 15) to base 2
-100000010011010110010
Convert 4e368c (base 15) to base 4.
32111130201
What is 165f39 (base 16) in base 11?
911611
What is -550355 (base 8) in base 6?
-3542233
-24505504 (base 6) to base 5
-200133030
What is -24666c (base 14) in base 16?
-130748
1282805 (base 9) to base 7
5661611
96955 (base 11) to base 14
394c8
Convert -14313322 (base 5) to base 3.
-21200020211
Convert -209770 (base 10) to base 3.
-101122202021
What is -13749b7 (base 12) in base 2?
-1110110100101110011011
Convert -49d9b (base 15) to base 16.
-399aa
22b9b4 (base 16) to base 6
120435540
-145858 (base 9) to base 11
-61390
Convert 2934c2 (base 15) to base 4.
13210300232
Convert 12321120 (base 7) to base 14.
210210
-1100341304 (base 5) to base 3
-11102200120221
What is -10101010100010101 (base 2) in base 5?
-10243232
What is -11b85 (base 14) in base 10?
-43433
Convert -aa46 (base 12) to base 13.
-8712
13121415 (base 6) to base 7
3442343
Convert 206b3 (base 13) to base 11.
3a874
-11110011112211 (base 3) to base 15
-31ac51
-631b30 (base 12) to base 15
-20bbd3
Convert a5b3 (base 16) to base 3.
2011012002
82455 (base 16) to base 13
158b44
Convert 24b25 (base 12) to base 13.
199ac
Convert -1133165 (base 7) to base 5.
-14032114
Convert 170b4 (base 13) to base 2.
1010110000110111
Convert 81ebe (base 16) to base 15.
a7a23
379 (base 16) to base 10
889
Convert 10402442 (base 5) to base 9.
147737
What is 312515 (base 10) in base 12?
130a2b
What is -343376 (base 8) in base 3?
-12220210000
What is 1870aa (base 13) in base 3?
1011021000220
Convert -601558 (base 12) to base 8.
-5550724
Convert -6784c (base 13) to base 7.
-1412401
Convert 1033023011 (base 4) to base 16.
4f2c5
Convert -2655731 (base 9) to base 10.
-1454221
2372097 (base 10) to base 13
650910
Convert 11222102000 (base 3) to base 6.
2033343
What is 21202331310 (base 4) in base 6?
125345420
9846a (base 11) to base 10
142977
What is 149ff (base 16) in base 7?
501203
What is 2100000120221 (base 3) in base 9?
2300527
Convert 24072b (base 13) to base 9.
1547018
Convert 11175247 (base 8) to base 11.
1405869
a5742 (base 12) to base 7
1562552
What is -150c64 (base 13) in base 11?
-322920
Convert -22543142 (base 7) to base 16.
-1e2b2b
What is -1ac3a1 (base 16) in base 12?
-707081
Convert 1644230 (base 9) to base 13.
260691
What is -248432 (base 11) in base 12?
-16a909
-1347748 (base 9) to base 12
-2b8682
What is -